{"id":724,"date":"2024-07-06T10:08:00","date_gmt":"2024-07-06T08:08:00","guid":{"rendered":"https:\/\/cap-ailly.com\/capaillyblog\/?page_id=724"},"modified":"2025-10-20T09:05:19","modified_gmt":"2025-10-20T07:05:19","slug":"visiter-le-phare","status":"publish","type":"page","link":"https:\/\/cap-ailly.com\/capaillyblog\/le_phare\/visiter-le-phare\/","title":{"rendered":"Visiter le Phare d&rsquo;Ailly"},"content":{"rendered":"\n<p><strong>Les visites au cours de l&rsquo;ann\u00e9e<\/strong><\/p>\n\n\n\n<p>Le Phare d&rsquo;Ailly est ouvert ponctuellement pour des visites guid\u00e9es gr\u00e2ce au soutien de l&rsquo;Office de Tourisme Dieppe Normandie. R\u00e9servez ici votre visite du Phare d&rsquo;Ailly aux dates programm\u00e9es pour cette saison !<\/p>\n\n\n\n<p>Pour programmer une visite en groupe, contactez-nous ! <\/p>\n\n\n\n<div class=\"easyloisirs_module\" data-hash=\"a54f0d0eea6ce36d3767fa81c7bedc86399f85ed\"><\/div>\n\n\n\n<p><strong>Les journ\u00e9es du Patrimoine<\/strong><\/p>\n\n\n\n<p>Le Phare d&rsquo;Ailly est ouvert \u00e0 l&rsquo;occasion des journ\u00e9es du Patrimoine, avec des visites en continu et des visites guid\u00e9es en compagnie de Valentine L\u00e9ger sur r\u00e9servation. <\/p>\n\n\n\n<p><\/p>\n","protected":false},"excerpt":{"rendered":"<p>Les visites au cours de l&rsquo;ann\u00e9e Le Phare d&rsquo;Ailly est ouvert ponctuellement pour des visites guid\u00e9es gr\u00e2ce au soutien de l&rsquo;Office de Tourisme Dieppe Normandie. R\u00e9servez ici votre visite du &hellip; <\/p>\n<p class=\"link-more\"><a href=\"https:\/\/cap-ailly.com\/capaillyblog\/le_phare\/visiter-le-phare\/\" class=\"more-link\">Continuer la lecture<span class=\"screen-reader-text\"> de &laquo;&nbsp;Visiter le Phare d&rsquo;Ailly&nbsp;&raquo;<\/span><\/a><\/p>\n","protected":false},"author":9,"featured_media":0,"parent":2,"menu_order":4,"comment_status":"closed","ping_status":"closed","template":"","meta":{"footnotes":""},"class_list":["post-724","page","type-page","status-publish","hentry"],"_links":{"self":[{"href":"https:\/\/cap-ailly.com\/capaillyblog\/wp-json\/wp\/v2\/pages\/724","targetHints":{"allow":["GET"]}}],"collection":[{"href":"https:\/\/cap-ailly.com\/capaillyblog\/wp-json\/wp\/v2\/pages"}],"about":[{"href":"https:\/\/cap-ailly.com\/capaillyblog\/wp-json\/wp\/v2\/types\/page"}],"author":[{"embeddable":true,"href":"https:\/\/cap-ailly.com\/capaillyblog\/wp-json\/wp\/v2\/users\/9"}],"replies":[{"embeddable":true,"href":"https:\/\/cap-ailly.com\/capaillyblog\/wp-json\/wp\/v2\/comments?post=724"}],"version-history":[{"count":15,"href":"https:\/\/cap-ailly.com\/capaillyblog\/wp-json\/wp\/v2\/pages\/724\/revisions"}],"predecessor-version":[{"id":784,"href":"https:\/\/cap-ailly.com\/capaillyblog\/wp-json\/wp\/v2\/pages\/724\/revisions\/784"}],"up":[{"embeddable":true,"href":"https:\/\/cap-ailly.com\/capaillyblog\/wp-json\/wp\/v2\/pages\/2"}],"wp:attachment":[{"href":"https:\/\/cap-ailly.com\/capaillyblog\/wp-json\/wp\/v2\/media?parent=724"}],"curies":[{"name":"wp","href":"https:\/\/api.w.org\/{rel}","templated":true}]}}

<p><strong>Les visites au cours de l&rsquo;année</strong></p>



<p>Le Phare d&rsquo;Ailly est ouvert ponctuellement pour des visites guidées grâce au soutien de l&rsquo;Office de Tourisme Dieppe Normandie. Réservez ici votre visite du Phare d&rsquo;Ailly aux dates programmées pour cette saison !</p>



<p>Pour programmer une visite en groupe, contactez-nous ! </p>



<div class="easyloisirs_module" data-hash="a54f0d0eea6ce36d3767fa81c7bedc86399f85ed"></div>



<p><strong>Les journées du Patrimoine</strong></p>



<p>Le Phare d&rsquo;Ailly est ouvert à l&rsquo;occasion des journées du Patrimoine, avec des visites en continu et des visites guidées en compagnie de Valentine Léger sur réservation. </p>



<p></p>

<p>Les visites au cours de l&rsquo;année Le Phare d&rsquo;Ailly est ouvert ponctuellement pour des visites guidées grâce au soutien de l&rsquo;Office de Tourisme Dieppe Normandie. Réservez ici votre visite du &hellip; </p>
<p class="link-more"><a href="https://cap-ailly.com/capaillyblog/le_phare/visiter-le-phare/" class="more-link">Continuer la lecture<span class="screen-reader-text"> de &laquo;&nbsp;Visiter le Phare d&rsquo;Ailly&nbsp;&raquo;</span></a></p>
