{"id":46,"date":"2019-09-10T17:45:36","date_gmt":"2019-09-10T15:45:36","guid":{"rendered":"http:\/\/cap-ailly.com\/capaillyblog\/?page_id=46"},"modified":"2019-10-16T19:25:09","modified_gmt":"2019-10-16T17:25:09","slug":"le-projet","status":"publish","type":"page","link":"https:\/\/cap-ailly.com\/capaillyblog\/le_phare\/le-projet\/","title":{"rendered":"Le projet"},"content":{"rendered":"\n<figure class=\"wp-block-image\"><img loading=\"lazy\" decoding=\"async\" width=\"1024\" height=\"683\" src=\"http:\/\/cap-ailly.com\/capaillyblog\/wp-content\/uploads\/2019\/09\/panneau-definitif-au-phare-pdf-1024x683.jpg\" alt=\"\" class=\"wp-image-49\"\/><\/figure>\n\n\n\n<div class=\"wp-block-media-text alignwide\" style=\"grid-template-columns:47% auto\"><figure class=\"wp-block-media-text__media\"><img loading=\"lazy\" decoding=\"async\" width=\"170\" height=\"170\" src=\"http:\/\/cap-ailly.com\/capaillyblog\/wp-content\/uploads\/2019\/09\/LOGO-CAP-AILLY-ROND.png\" alt=\"\" class=\"wp-image-24\" srcset=\"https:\/\/cap-ailly.com\/capaillyblog\/wp-content\/uploads\/2019\/09\/LOGO-CAP-AILLY-ROND.png 170w, https:\/\/cap-ailly.com\/capaillyblog\/wp-content\/uploads\/2019\/09\/LOGO-CAP-AILLY-ROND-150x150.png 150w, https:\/\/cap-ailly.com\/capaillyblog\/wp-content\/uploads\/2019\/09\/LOGO-CAP-AILLY-ROND-100x100.png 100w\" sizes=\"auto, (max-width: 170px) 100vw, 170px\" \/><\/figure><div class=\"wp-block-media-text__content\">\n<p><strong>CAP d\u2019Ailly<\/strong> est partenaire et\u00a0participera \u00e0 la future gestion du site du phare d&rsquo;Ailly avec les gestionnaires de l&rsquo;Agglo dieppe Maritme et l&rsquo;Office du Tourisme <\/p>\n\n\n\n<p>L&rsquo;association a \u00e9t\u00e9 conventionn\u00e9e par la communaut\u00e9 d&rsquo;agglom\u00e9ration Dieppe-Maritime pour la mise en place de la mus\u00e9ographie, les recherches historiques et la gestion de l&rsquo;\u00e9v\u00e9nementiel pr\u00e9sent et \u00e0 venir.<\/p>\n<\/div><\/div>\n","protected":false},"excerpt":{"rendered":"<p>CAP d\u2019Ailly est partenaire et\u00a0participera \u00e0 la future gestion du site du phare d&rsquo;Ailly avec les gestionnaires de l&rsquo;Agglo dieppe Maritme et l&rsquo;Office du Tourisme L&rsquo;association a \u00e9t\u00e9 conventionn\u00e9e par &hellip; <\/p>\n<p class=\"link-more\"><a href=\"https:\/\/cap-ailly.com\/capaillyblog\/le_phare\/le-projet\/\" class=\"more-link\">Continuer la lecture<span class=\"screen-reader-text\"> de &laquo;&nbsp;Le projet&nbsp;&raquo;<\/span><\/a><\/p>\n","protected":false},"author":1,"featured_media":52,"parent":2,"menu_order":0,"comment_status":"closed","ping_status":"closed","template":"","meta":{"footnotes":""},"class_list":["post-46","page","type-page","status-publish","has-post-thumbnail","hentry"],"_links":{"self":[{"href":"https:\/\/cap-ailly.com\/capaillyblog\/wp-json\/wp\/v2\/pages\/46","targetHints":{"allow":["GET"]}}],"collection":[{"href":"https:\/\/cap-ailly.com\/capaillyblog\/wp-json\/wp\/v2\/pages"}],"about":[{"href":"https:\/\/cap-ailly.com\/capaillyblog\/wp-json\/wp\/v2\/types\/page"}],"author":[{"embeddable":true,"href":"https:\/\/cap-ailly.com\/capaillyblog\/wp-json\/wp\/v2\/users\/1"}],"replies":[{"embeddable":true,"href":"https:\/\/cap-ailly.com\/capaillyblog\/wp-json\/wp\/v2\/comments?post=46"}],"version-history":[{"count":11,"href":"https:\/\/cap-ailly.com\/capaillyblog\/wp-json\/wp\/v2\/pages\/46\/revisions"}],"predecessor-version":[{"id":297,"href":"https:\/\/cap-ailly.com\/capaillyblog\/wp-json\/wp\/v2\/pages\/46\/revisions\/297"}],"up":[{"embeddable":true,"href":"https:\/\/cap-ailly.com\/capaillyblog\/wp-json\/wp\/v2\/pages\/2"}],"wp:featuredmedia":[{"embeddable":true,"href":"https:\/\/cap-ailly.com\/capaillyblog\/wp-json\/wp\/v2\/media\/52"}],"wp:attachment":[{"href":"https:\/\/cap-ailly.com\/capaillyblog\/wp-json\/wp\/v2\/media?parent=46"}],"curies":[{"name":"wp","href":"https:\/\/api.w.org\/{rel}","templated":true}]}}

<figure class="wp-block-image"><img loading="lazy" decoding="async" width="1024" height="683" src="http://cap-ailly.com/capaillyblog/wp-content/uploads/2019/09/panneau-definitif-au-phare-pdf-1024x683.jpg" alt="" class="wp-image-49"/></figure>



<div class="wp-block-media-text alignwide" style="grid-template-columns:47% auto"><figure class="wp-block-media-text__media"><img loading="lazy" decoding="async" width="170" height="170" src="http://cap-ailly.com/capaillyblog/wp-content/uploads/2019/09/LOGO-CAP-AILLY-ROND.png" alt="" class="wp-image-24" srcset="https://cap-ailly.com/capaillyblog/wp-content/uploads/2019/09/LOGO-CAP-AILLY-ROND.png 170w, https://cap-ailly.com/capaillyblog/wp-content/uploads/2019/09/LOGO-CAP-AILLY-ROND-150x150.png 150w, https://cap-ailly.com/capaillyblog/wp-content/uploads/2019/09/LOGO-CAP-AILLY-ROND-100x100.png 100w" sizes="auto, (max-width: 170px) 100vw, 170px" /></figure><div class="wp-block-media-text__content">
<p><strong>CAP d’Ailly</strong> est partenaire et participera à la future gestion du site du phare d&rsquo;Ailly avec les gestionnaires de l&rsquo;Agglo dieppe Maritme et l&rsquo;Office du Tourisme </p>



<p>L&rsquo;association a été conventionnée par la communauté d&rsquo;agglomération Dieppe-Maritime pour la mise en place de la muséographie, les recherches historiques et la gestion de l&rsquo;événementiel présent et à venir.</p>
</div></div>

<p>CAP d’Ailly est partenaire et participera à la future gestion du site du phare d&rsquo;Ailly avec les gestionnaires de l&rsquo;Agglo dieppe Maritme et l&rsquo;Office du Tourisme L&rsquo;association a été conventionnée par &hellip; </p>
<p class="link-more"><a href="https://cap-ailly.com/capaillyblog/le_phare/le-projet/" class="more-link">Continuer la lecture<span class="screen-reader-text"> de &laquo;&nbsp;Le projet&nbsp;&raquo;</span></a></p>
