{"id":409,"date":"2020-07-08T10:49:48","date_gmt":"2020-07-08T08:49:48","guid":{"rendered":"https:\/\/cap-ailly.com\/capaillyblog\/?page_id=409"},"modified":"2025-07-11T08:06:51","modified_gmt":"2025-07-11T06:06:51","slug":"lhistoire-de-lassociation","status":"publish","type":"page","link":"https:\/\/cap-ailly.com\/capaillyblog\/lhistoire-de-lassociation\/","title":{"rendered":"L&rsquo;histoire de l&rsquo;association"},"content":{"rendered":"\n<h2 class=\"wp-block-heading\"><strong>Une histoire humaine<\/strong><\/h2>\n\n\n\n<div class=\"wp-block-group\"><div class=\"wp-block-group__inner-container is-layout-flow wp-block-group-is-layout-flow\">\n<h2 class=\"wp-block-heading has-vivid-cyan-blue-color has-text-color\"><strong>Trente ann\u00e9es&nbsp; de l\u2019association&nbsp; Culture Art et Patrimoine du Pays de l&rsquo;Ailly<\/strong><\/h2>\n<\/div><\/div>\n\n\n\n<p>C.A.P. d\u2019Ailly fut cr\u00e9\u00e9 en 1990 par Yves Pierre BOULONGNE lors d\u2019une rencontre avec son&nbsp; ami le peintre Michel CIRY.<\/p>\n\n\n\n<p>Les objets de l\u2019association tels qu\u2019ils furent d\u00e9finis lors de l\u2019\u00e9tablissement des statuts ont conserv\u00e9 leur pertinence&nbsp;:<\/p>\n\n\n\n<ul class=\"wp-block-list\">\n<li>Promouvoir la culture dans le pays de L\u2019AILLY, dans le domaine des arts et des lettres,<\/li>\n\n\n\n<li>Aider \u00e0&nbsp; la protection de l\u2019environnement, des monuments historiques, des vestiges arch\u00e9ologiques.<\/li>\n<\/ul>\n\n\n\n<p><strong>Deux hommes d&rsquo;exception<\/strong><\/p>\n\n\n\n<div class=\"wp-block-media-text alignwide is-stacked-on-mobile\" style=\"grid-template-columns:28% auto\"><figure class=\"wp-block-media-text__media\"><img loading=\"lazy\" decoding=\"async\" width=\"215\" height=\"300\" src=\"https:\/\/cap-ailly.com\/capaillyblog\/wp-content\/uploads\/2020\/07\/image-215x300.png\" alt=\"\n\" class=\"wp-image-422 size-full\" srcset=\"https:\/\/cap-ailly.com\/capaillyblog\/wp-content\/uploads\/2020\/07\/image-215x300.png 215w, https:\/\/cap-ailly.com\/capaillyblog\/wp-content\/uploads\/2020\/07\/image-735x1024.png 735w, https:\/\/cap-ailly.com\/capaillyblog\/wp-content\/uploads\/2020\/07\/image-768x1070.png 768w, https:\/\/cap-ailly.com\/capaillyblog\/wp-content\/uploads\/2020\/07\/image-1102x1536.png 1102w, https:\/\/cap-ailly.com\/capaillyblog\/wp-content\/uploads\/2020\/07\/image.png 1465w\" sizes=\"auto, (max-width: 215px) 100vw, 215px\" \/><\/figure><div class=\"wp-block-media-text__content\">\n<p>&nbsp;<strong>Yves Pierre BOULONGNE<\/strong>, r\u00e9sistant de la premi\u00e8re heure, professeur des universit\u00e9s, commandeur de la l\u00e9gion d&rsquo;honneur. Il habita notre village de Sainte Marguerite sur mer d\u00e8s 1962 et d\u00e9cida de s&rsquo;y installer d\u00e9finitivement en 1986.<\/p>\n<\/div><\/div>\n\n\n\n<div class=\"wp-block-media-text alignwide is-stacked-on-mobile\" style=\"grid-template-columns:15% auto\"><figure class=\"wp-block-media-text__media\"><img decoding=\"async\" src=\"blob:https:\/\/cap-ailly.com\/14aeb293-d5b3-4f96-a70a-ec6b1556367d\" alt=\"\"\/><\/figure><div class=\"wp-block-media-text__content\"><div class=\"wp-block-image\">\n<figure class=\"alignright size-large is-resized\"><img loading=\"lazy\" decoding=\"async\" width=\"721\" height=\"1024\" src=\"https:\/\/cap-ailly.com\/capaillyblog\/wp-content\/uploads\/2020\/07\/image-4-721x1024.png\" alt=\"\" class=\"wp-image-431\" style=\"width:212px;height:302px\" srcset=\"https:\/\/cap-ailly.com\/capaillyblog\/wp-content\/uploads\/2020\/07\/image-4-721x1024.png 721w, https:\/\/cap-ailly.com\/capaillyblog\/wp-content\/uploads\/2020\/07\/image-4-211x300.png 211w, https:\/\/cap-ailly.com\/capaillyblog\/wp-content\/uploads\/2020\/07\/image-4-768x1091.png 768w, https:\/\/cap-ailly.com\/capaillyblog\/wp-content\/uploads\/2020\/07\/image-4-1082x1536.png 1082w, https:\/\/cap-ailly.com\/capaillyblog\/wp-content\/uploads\/2020\/07\/image-4-1442x2048.png 1442w, https:\/\/cap-ailly.com\/capaillyblog\/wp-content\/uploads\/2020\/07\/image-4.png 1788w\" sizes=\"auto, (max-width: 721px) 100vw, 721px\" \/><\/figure>\n<\/div>\n\n\n<p><strong>Michel CIRY<\/strong> peintre, illustrateur et graveur, internationalement connu, \u00e9crivain, compositeur laur\u00e9at du prix&nbsp; Reine Elisabeth de Belgique.   Venu habiter \u00e0 Varengeville<\/p>\n<\/div><\/div>\n\n\n\n<p><strong>Les pr\u00e9sidents d&rsquo;honneur<\/strong><\/p>\n\n\n\n<ul class=\"wp-block-list\">\n<li>Madame la princesse STURDZA&nbsp;\u2020<\/li>\n\n\n\n<li>Madame GRUNELIUS-CANOVAS&nbsp;;<\/li>\n\n\n\n<li>Monsieur Michel CIRY (membre fondateur) \u2020<\/li>\n\n\n\n<li>Monsieur Patrick BOULONGNE<\/li>\n<\/ul>\n\n\n\n<p>L&rsquo;association existe depuis 30 ann\u00e9es gr\u00e2ce au soutien des collectivit\u00e9s locales, de ses adh\u00e9rents, des membres bienfaiteurs et de sponsors.<\/p>\n\n\n\n<p><strong>&nbsp;<\/strong><strong>Les&nbsp; pr\u00e9sidents&nbsp;<\/strong><\/p>\n\n\n\n<ul class=\"wp-block-list\">\n<li>Yves Pierre BOULONGNE, 1990-2000 \u2020<\/li>\n\n\n\n<li>Mich\u00e8le ENNES, 2001-2003&nbsp;;<\/li>\n\n\n\n<li>Patrick BOULONGNE, 2003-2018&nbsp;;<\/li>\n\n\n\n<li>Anne Brigitte CAZEAU,&nbsp;2018-2019<\/li>\n\n\n\n<li>Philippe HERITIER, 2019- 2022<\/li>\n\n\n\n<li>L\u00e9a Depreux 2022 &#8211; 2024<\/li>\n\n\n\n<li>Stanislas Leverdier depuis 2024<\/li>\n<\/ul>\n\n\n\n<p>Durant toutes ces ann\u00e9es, aux c\u00f4t\u00e9s des pr\u00e9sidents, de nombreux autres acteurs ont permis la r\u00e9alisation des diff\u00e9rentes manifestations&nbsp;: secr\u00e9taires, tr\u00e9soriers, b\u00e9n\u00e9voles, sc\u00e9nographes.<\/p>\n\n\n\n<p>Ils sont si nombreux ces fid\u00e8les participants sans lesquels rien n\u2019aurait \u00e9t\u00e9 possible, qu\u2019on ne peut tous les nommer mais n\u00e9anmoins Jean et Odile LEFEBVRE occupent une place particuli\u00e8re dans la cr\u00e9ation de l\u2019association.<strong>&nbsp;&nbsp;&nbsp;&nbsp;&nbsp;&nbsp;&nbsp;&nbsp;&nbsp;&nbsp;&nbsp;&nbsp;&nbsp;&nbsp;&nbsp;&nbsp;&nbsp;&nbsp;&nbsp;&nbsp;&nbsp;&nbsp;<\/strong><\/p>\n\n\n\n<p><\/p>\n\n\n\n<p><strong>BUTS DE L&rsquo;ASSOCIATION<\/strong><\/p>\n\n\n\n<ul class=\"wp-block-list\">\n<li>Organiser des manifestations culturelles &nbsp;dans le pays de l&rsquo;Ailly tout en accordant un int\u00e9r\u00eat particulier \u00e0 la musique et aux arts&nbsp;plastiques.<\/li>\n<\/ul>\n\n\n\n<ul class=\"wp-block-list\">\n<li>D\u00e9fendre le &nbsp;patrimoine de l\u2019Ailly et aider \u00e0 sa sauvegarde&nbsp;: l\u2019association a particip\u00e9 ardemment \u00e0 la restauration des \u00e9glises des communes environnantes, en contribuant en particulier de mani\u00e8re d\u00e9cisive au sauvetage de l\u2019\u00e9glise de Sainte Marguerite.<\/li>\n<\/ul>\n\n\n\n<ul class=\"wp-block-list\">\n<li>Faire connaitre le patrimoine par le biais&nbsp; de rallyes culturels qui permettent de d\u00e9couvrir nos villages &nbsp;et d\u2019en approfondir la connaissance.<\/li>\n<\/ul>\n\n\n\n<ul class=\"wp-block-list\">\n<li>Contribuer \u00e0 la r\u00e9habilitation et \u00e0 la valorisation du phare d&rsquo;Ailly&nbsp;en participant au projet port\u00e9 par l\u2019Agglom\u00e9ration Dieppe Maritime. <strong>&nbsp;&nbsp;&nbsp;&nbsp;&nbsp;<\/strong><\/li>\n<\/ul>\n\n\n\n<p><strong>LES MANIFESTATIONS LES PLUS NOTABLES<\/strong><\/p>\n\n\n\n<p>Durant les trois d\u00e9cennies \u00e9coul\u00e9es, des artistes, des formations musicales d&rsquo;exception,&nbsp;des solistes de grande renomm\u00e9e &nbsp;ont enchant\u00e9 le public.<\/p>\n\n\n\n<p>Parmi les artistes on peut citer les violonistes Patrice FONTANAROSA et Vadim TCHIJIK , les fid\u00e8les amis du C.A.P Igor KIRITCHENKO violoncelliste et Tatiana KRAMER pianiste<\/p>\n\n\n\n<p><strong>Quelques concerts&nbsp;pour m\u00e9moire&nbsp;:<\/strong><\/p>\n\n\n\n<ul class=\"wp-block-list\">\n<li>Ensemble orchestral de Normandie sous la direction de Jean Pierre BERLINGEN<\/li>\n<\/ul>\n\n\n\n<ul class=\"wp-block-list\">\n<li>Quintette de saxophones et Quatuor de&nbsp; l&rsquo;Orchestre de la Garde R\u00e9publicaine de Paris,<\/li>\n<\/ul>\n\n\n\n<ul class=\"wp-block-list\">\n<li>Plain-chant de l\u2019\u00e9glise orthodoxe de Moscou,<\/li>\n<\/ul>\n\n\n\n<ul class=\"wp-block-list\">\n<li>Ch\u0153urs de l\u2019\u00e9glise Sainte Eustache de Paris,<\/li>\n<\/ul>\n\n\n\n<ul class=\"wp-block-list\">\n<li>Concert philharmonique de l&rsquo;ensemble vocal Cepheus&nbsp; du Conservatoire de Grand Couronne,<\/li>\n<\/ul>\n\n\n\n<ul class=\"wp-block-list\">\n<li>Concerts de Jazz avec un hommage \u00e0 Louis Armstrong,<\/li>\n<\/ul>\n\n\n\n<ul class=\"wp-block-list\">\n<li>Concerts de No\u00ebl , avec la participation de chanteurs lyriques venus de France et de l\u2019\u00e9tranger et&nbsp; de chorales.<\/li>\n<\/ul>\n\n\n\n<p>De nombreuses expositions de peintures et de sculptures d\u2019artistes issus d\u2019horizons vari\u00e9s ont \u00e9galement \u00e9t\u00e9 programm\u00e9es avec des artistes de renom comme WARAVKA, DUBIGEON, MARC, DEBORD\u2026.<\/p>\n\n\n\n<p><strong>Expositions \u00e0 th\u00e8mes&nbsp;:<\/strong><\/p>\n\n\n\n<ul class=\"wp-block-list\">\n<li>L\u2019art&nbsp; sacr\u00e9,<\/li>\n<\/ul>\n\n\n\n<ul class=\"wp-block-list\">\n<li>Le carnaval des Animaux,<\/li>\n<\/ul>\n\n\n\n<ul class=\"wp-block-list\">\n<li>&nbsp;L\u2019Eau et la Terre,<\/li>\n<\/ul>\n\n\n\n<ul class=\"wp-block-list\">\n<li>L\u2019art de l\u2019estampe, avec le concours de Michel CIRY et de Pascal GIRARD.<\/li>\n<\/ul>\n\n\n\n<ul class=\"wp-block-list\">\n<li>Expositions de cartes postales anciennes consacr\u00e9es \u00e0 la m\u00e9moire du Pays de l\u2019Ailly<\/li>\n<\/ul>\n\n\n\n<ul class=\"wp-block-list\">\n<li>Exposition de vestiges du site arch\u00e9ologique de la villa romaine de Sainte Marguerite sur mer (mosa\u00efques)<\/li>\n<\/ul>\n\n\n\n<p><strong>Et aussi&nbsp;:<\/strong><\/p>\n\n\n\n<ul class=\"wp-block-list\">\n<li>Des pi\u00e8ces de th\u00e9\u00e2tre en partenariat avec la commune de Sainte Marguerite<\/li>\n<\/ul>\n\n\n\n<p>L\u2019association du C.A.P poursuit et d\u00e9veloppe son action au service de la culture.<\/p>\n","protected":false},"excerpt":{"rendered":"<p>Une histoire humaine Trente ann\u00e9es&nbsp; de l\u2019association&nbsp; Culture Art et Patrimoine du Pays de l&rsquo;Ailly C.A.P. d\u2019Ailly fut cr\u00e9\u00e9 en 1990 par Yves Pierre BOULONGNE lors d\u2019une rencontre avec son&nbsp; &hellip; <\/p>\n<p class=\"link-more\"><a href=\"https:\/\/cap-ailly.com\/capaillyblog\/lhistoire-de-lassociation\/\" class=\"more-link\">Continuer la lecture<span class=\"screen-reader-text\"> de &laquo;&nbsp;L&rsquo;histoire de l&rsquo;association&nbsp;&raquo;<\/span><\/a><\/p>\n","protected":false},"author":3,"featured_media":0,"parent":0,"menu_order":0,"comment_status":"closed","ping_status":"closed","template":"","meta":{"footnotes":""},"class_list":["post-409","page","type-page","status-publish","hentry"],"_links":{"self":[{"href":"https:\/\/cap-ailly.com\/capaillyblog\/wp-json\/wp\/v2\/pages\/409","targetHints":{"allow":["GET"]}}],"collection":[{"href":"https:\/\/cap-ailly.com\/capaillyblog\/wp-json\/wp\/v2\/pages"}],"about":[{"href":"https:\/\/cap-ailly.com\/capaillyblog\/wp-json\/wp\/v2\/types\/page"}],"author":[{"embeddable":true,"href":"https:\/\/cap-ailly.com\/capaillyblog\/wp-json\/wp\/v2\/users\/3"}],"replies":[{"embeddable":true,"href":"https:\/\/cap-ailly.com\/capaillyblog\/wp-json\/wp\/v2\/comments?post=409"}],"version-history":[{"count":15,"href":"https:\/\/cap-ailly.com\/capaillyblog\/wp-json\/wp\/v2\/pages\/409\/revisions"}],"predecessor-version":[{"id":768,"href":"https:\/\/cap-ailly.com\/capaillyblog\/wp-json\/wp\/v2\/pages\/409\/revisions\/768"}],"wp:attachment":[{"href":"https:\/\/cap-ailly.com\/capaillyblog\/wp-json\/wp\/v2\/media?parent=409"}],"curies":[{"name":"wp","href":"https:\/\/api.w.org\/{rel}","templated":true}]}}

<h2 class="wp-block-heading"><strong>Une histoire humaine</strong></h2>



<div class="wp-block-group"><div class="wp-block-group__inner-container is-layout-flow wp-block-group-is-layout-flow">
<h2 class="wp-block-heading has-vivid-cyan-blue-color has-text-color"><strong>Trente années&nbsp; de l’association&nbsp; Culture Art et Patrimoine du Pays de l&rsquo;Ailly</strong></h2>
</div></div>



<p>C.A.P. d’Ailly fut créé en 1990 par Yves Pierre BOULONGNE lors d’une rencontre avec son&nbsp; ami le peintre Michel CIRY.</p>



<p>Les objets de l’association tels qu’ils furent définis lors de l’établissement des statuts ont conservé leur pertinence&nbsp;:</p>



<ul class="wp-block-list">
<li>Promouvoir la culture dans le pays de L’AILLY, dans le domaine des arts et des lettres,</li>



<li>Aider à&nbsp; la protection de l’environnement, des monuments historiques, des vestiges archéologiques.</li>
</ul>



<p><strong>Deux hommes d&rsquo;exception</strong></p>



<div class="wp-block-media-text alignwide is-stacked-on-mobile" style="grid-template-columns:28% auto"><figure class="wp-block-media-text__media"><img loading="lazy" decoding="async" width="215" height="300" src="https://cap-ailly.com/capaillyblog/wp-content/uploads/2020/07/image-215x300.png" alt="
" class="wp-image-422 size-full" srcset="https://cap-ailly.com/capaillyblog/wp-content/uploads/2020/07/image-215x300.png 215w, https://cap-ailly.com/capaillyblog/wp-content/uploads/2020/07/image-735x1024.png 735w, https://cap-ailly.com/capaillyblog/wp-content/uploads/2020/07/image-768x1070.png 768w, https://cap-ailly.com/capaillyblog/wp-content/uploads/2020/07/image-1102x1536.png 1102w, https://cap-ailly.com/capaillyblog/wp-content/uploads/2020/07/image.png 1465w" sizes="auto, (max-width: 215px) 100vw, 215px" /></figure><div class="wp-block-media-text__content">
<p>&nbsp;<strong>Yves Pierre BOULONGNE</strong>, résistant de la première heure, professeur des universités, commandeur de la légion d&rsquo;honneur. Il habita notre village de Sainte Marguerite sur mer dès 1962 et décida de s&rsquo;y installer définitivement en 1986.</p>
</div></div>



<div class="wp-block-media-text alignwide is-stacked-on-mobile" style="grid-template-columns:15% auto"><figure class="wp-block-media-text__media"><img decoding="async" src="blob:https://cap-ailly.com/14aeb293-d5b3-4f96-a70a-ec6b1556367d" alt=""/></figure><div class="wp-block-media-text__content"><div class="wp-block-image">
<figure class="alignright size-large is-resized"><img loading="lazy" decoding="async" width="721" height="1024" src="https://cap-ailly.com/capaillyblog/wp-content/uploads/2020/07/image-4-721x1024.png" alt="" class="wp-image-431" style="width:212px;height:302px" srcset="https://cap-ailly.com/capaillyblog/wp-content/uploads/2020/07/image-4-721x1024.png 721w, https://cap-ailly.com/capaillyblog/wp-content/uploads/2020/07/image-4-211x300.png 211w, https://cap-ailly.com/capaillyblog/wp-content/uploads/2020/07/image-4-768x1091.png 768w, https://cap-ailly.com/capaillyblog/wp-content/uploads/2020/07/image-4-1082x1536.png 1082w, https://cap-ailly.com/capaillyblog/wp-content/uploads/2020/07/image-4-1442x2048.png 1442w, https://cap-ailly.com/capaillyblog/wp-content/uploads/2020/07/image-4.png 1788w" sizes="auto, (max-width: 721px) 100vw, 721px" /></figure>
</div>


<p><strong>Michel CIRY</strong> peintre, illustrateur et graveur, internationalement connu, écrivain, compositeur lauréat du prix&nbsp; Reine Elisabeth de Belgique.   Venu habiter à Varengeville</p>
</div></div>



<p><strong>Les présidents d&rsquo;honneur</strong></p>



<ul class="wp-block-list">
<li>Madame la princesse STURDZA&nbsp;†</li>



<li>Madame GRUNELIUS-CANOVAS&nbsp;;</li>



<li>Monsieur Michel CIRY (membre fondateur) †</li>



<li>Monsieur Patrick BOULONGNE</li>
</ul>



<p>L&rsquo;association existe depuis 30 années grâce au soutien des collectivités locales, de ses adhérents, des membres bienfaiteurs et de sponsors.</p>



<p><strong>&nbsp;</strong><strong>Les&nbsp; présidents&nbsp;</strong></p>



<ul class="wp-block-list">
<li>Yves Pierre BOULONGNE, 1990-2000 †</li>



<li>Michèle ENNES, 2001-2003&nbsp;;</li>



<li>Patrick BOULONGNE, 2003-2018&nbsp;;</li>



<li>Anne Brigitte CAZEAU,&nbsp;2018-2019</li>



<li>Philippe HERITIER, 2019- 2022</li>



<li>Léa Depreux 2022 &#8211; 2024</li>



<li>Stanislas Leverdier depuis 2024</li>
</ul>



<p>Durant toutes ces années, aux côtés des présidents, de nombreux autres acteurs ont permis la réalisation des différentes manifestations&nbsp;: secrétaires, trésoriers, bénévoles, scénographes.</p>



<p>Ils sont si nombreux ces fidèles participants sans lesquels rien n’aurait été possible, qu’on ne peut tous les nommer mais néanmoins Jean et Odile LEFEBVRE occupent une place particulière dans la création de l’association.<strong>&nbsp;&nbsp;&nbsp;&nbsp;&nbsp;&nbsp;&nbsp;&nbsp;&nbsp;&nbsp;&nbsp;&nbsp;&nbsp;&nbsp;&nbsp;&nbsp;&nbsp;&nbsp;&nbsp;&nbsp;&nbsp;&nbsp;</strong></p>



<p></p>



<p><strong>BUTS DE L&rsquo;ASSOCIATION</strong></p>



<ul class="wp-block-list">
<li>Organiser des manifestations culturelles &nbsp;dans le pays de l&rsquo;Ailly tout en accordant un intérêt particulier à la musique et aux arts&nbsp;plastiques.</li>
</ul>



<ul class="wp-block-list">
<li>Défendre le &nbsp;patrimoine de l’Ailly et aider à sa sauvegarde&nbsp;: l’association a participé ardemment à la restauration des églises des communes environnantes, en contribuant en particulier de manière décisive au sauvetage de l’église de Sainte Marguerite.</li>
</ul>



<ul class="wp-block-list">
<li>Faire connaitre le patrimoine par le biais&nbsp; de rallyes culturels qui permettent de découvrir nos villages &nbsp;et d’en approfondir la connaissance.</li>
</ul>



<ul class="wp-block-list">
<li>Contribuer à la réhabilitation et à la valorisation du phare d&rsquo;Ailly&nbsp;en participant au projet porté par l’Agglomération Dieppe Maritime. <strong>&nbsp;&nbsp;&nbsp;&nbsp;&nbsp;</strong></li>
</ul>



<p><strong>LES MANIFESTATIONS LES PLUS NOTABLES</strong></p>



<p>Durant les trois décennies écoulées, des artistes, des formations musicales d&rsquo;exception,&nbsp;des solistes de grande renommée &nbsp;ont enchanté le public.</p>



<p>Parmi les artistes on peut citer les violonistes Patrice FONTANAROSA et Vadim TCHIJIK , les fidèles amis du C.A.P Igor KIRITCHENKO violoncelliste et Tatiana KRAMER pianiste</p>



<p><strong>Quelques concerts&nbsp;pour mémoire&nbsp;:</strong></p>



<ul class="wp-block-list">
<li>Ensemble orchestral de Normandie sous la direction de Jean Pierre BERLINGEN</li>
</ul>



<ul class="wp-block-list">
<li>Quintette de saxophones et Quatuor de&nbsp; l&rsquo;Orchestre de la Garde Républicaine de Paris,</li>
</ul>



<ul class="wp-block-list">
<li>Plain-chant de l’église orthodoxe de Moscou,</li>
</ul>



<ul class="wp-block-list">
<li>Chœurs de l’église Sainte Eustache de Paris,</li>
</ul>



<ul class="wp-block-list">
<li>Concert philharmonique de l&rsquo;ensemble vocal Cepheus&nbsp; du Conservatoire de Grand Couronne,</li>
</ul>



<ul class="wp-block-list">
<li>Concerts de Jazz avec un hommage à Louis Armstrong,</li>
</ul>



<ul class="wp-block-list">
<li>Concerts de Noël , avec la participation de chanteurs lyriques venus de France et de l’étranger et&nbsp; de chorales.</li>
</ul>



<p>De nombreuses expositions de peintures et de sculptures d’artistes issus d’horizons variés ont également été programmées avec des artistes de renom comme WARAVKA, DUBIGEON, MARC, DEBORD….</p>



<p><strong>Expositions à thèmes&nbsp;:</strong></p>



<ul class="wp-block-list">
<li>L’art&nbsp; sacré,</li>
</ul>



<ul class="wp-block-list">
<li>Le carnaval des Animaux,</li>
</ul>



<ul class="wp-block-list">
<li>&nbsp;L’Eau et la Terre,</li>
</ul>



<ul class="wp-block-list">
<li>L’art de l’estampe, avec le concours de Michel CIRY et de Pascal GIRARD.</li>
</ul>



<ul class="wp-block-list">
<li>Expositions de cartes postales anciennes consacrées à la mémoire du Pays de l’Ailly</li>
</ul>



<ul class="wp-block-list">
<li>Exposition de vestiges du site archéologique de la villa romaine de Sainte Marguerite sur mer (mosaïques)</li>
</ul>



<p><strong>Et aussi&nbsp;:</strong></p>



<ul class="wp-block-list">
<li>Des pièces de théâtre en partenariat avec la commune de Sainte Marguerite</li>
</ul>



<p>L’association du C.A.P poursuit et développe son action au service de la culture.</p>

<p>Une histoire humaine Trente années&nbsp; de l’association&nbsp; Culture Art et Patrimoine du Pays de l&rsquo;Ailly C.A.P. d’Ailly fut créé en 1990 par Yves Pierre BOULONGNE lors d’une rencontre avec son&nbsp; &hellip; </p>
<p class="link-more"><a href="https://cap-ailly.com/capaillyblog/lhistoire-de-lassociation/" class="more-link">Continuer la lecture<span class="screen-reader-text"> de &laquo;&nbsp;L&rsquo;histoire de l&rsquo;association&nbsp;&raquo;</span></a></p>
