{"id":341,"date":"2019-10-22T20:45:33","date_gmt":"2019-10-22T18:45:33","guid":{"rendered":"https:\/\/cap-ailly.com\/capaillyblog\/?page_id=341"},"modified":"2019-11-02T18:38:53","modified_gmt":"2019-11-02T17:38:53","slug":"fresnel-et-les-lentilles","status":"publish","type":"page","link":"https:\/\/cap-ailly.com\/capaillyblog\/le_phare\/documents-sur-le-phare\/fresnel-et-les-lentilles\/","title":{"rendered":"Fresnel et les lentilles"},"content":{"rendered":"\n<div class=\"wp-block-media-text alignwide\" style=\"grid-template-columns:31% auto\"><figure class=\"wp-block-media-text__media\"><img loading=\"lazy\" decoding=\"async\" width=\"300\" height=\"409\" src=\"https:\/\/cap-ailly.com\/capaillyblog\/wp-content\/uploads\/2019\/10\/M\u00e9moire_sur_un_nouveau_syst\u00e8me_Fresnel_Augustin-Page-1-1-e1571851091189.jpg\" alt=\"\" class=\"wp-image-349\"\/><\/figure><div class=\"wp-block-media-text__content\">\n<p>Augustin Fresnel avait bien compris l&rsquo;int\u00e9r\u00eat de ses lentilles pour am\u00e9liorer consid\u00e9rablement les faisceaux lumineux des phares. Ce m\u00e9moire est le texte int\u00e9gral de ses propositions de mise en application.<\/p>\n<\/div><\/div>\n\n\n<a href=\"https:\/\/cap-ailly.com\/capaillyblog\/themencode-pdf-viewer-sc\/?tnc_pvfw=ZmlsZT1odHRwczovL2NhcC1haWxseS5jb20vY2FwYWlsbHlibG9nL3dwLWNvbnRlbnQvdXBsb2Fkcy8yMDE5LzEwL03DqW1vaXJlX3N1cl91bl9ub3V2ZWF1X3N5c3TDqG1lXy4uLkZyZXNuZWxfQXVndXN0aW5fYnB0Nms5NDkwMDgucGRmJnNldHRpbmdzPTExMTExMTExMTExMTExMTExJmxhbmc9ZnI=#page=&zoom=auto&pagemode=\" class=\"\" target=\"_parent\">Cliquez ici pour ouvrir le document<\/a>\n\n\n\n<p>.<\/p>\n\n\n\n<p>Les oeuvres compl\u00e8tes d&rsquo;Augustin Fresnel forment un ensemble de 3 tomes volumineux et la plupart du temps tr\u00e8s techniques. <br>Les r\u00e9f\u00e9rences \u00e0 des phares sont limit\u00e9es (quelques unes dans le Tome 2) et la mise \u00e0 disposition ici d\u00e9passe le r\u00f4le de CAP. Nous avons donc pr\u00e9f\u00e9r\u00e9 vous citer ces documents et vous diriger vers le site de la BNF (Biblioth\u00e8que Nationale de France)  o\u00f9 vous pourrez lire ou t\u00e9l\u00e9charger les livres dans leur int\u00e9gralit\u00e9.<\/p>\n\n\n\n<p class=\"has-text-color has-vivid-cyan-blue-color\"><strong>Vous pourrez acc\u00e9der \u00e0 chacun des livres en cliquant sur l&rsquo;image des premi\u00e8res pages reproduites ci-dessous<\/strong><\/p>\n\n\n\n<div class=\"wp-block-columns has-2-columns is-layout-flex wp-container-core-columns-is-layout-9d6595d7 wp-block-columns-is-layout-flex\">\n<div class=\"wp-block-column is-layout-flow wp-block-column-is-layout-flow\">\n<figure class=\"wp-block-image is-resized\"><a href=\"https:\/\/gallica.bnf.fr\/ark:\/12148\/bpt6k1512245j?rk=64378;0\" target=\"_blank\" rel=\"noreferrer noopener\"><img loading=\"lazy\" decoding=\"async\" src=\"https:\/\/cap-ailly.com\/capaillyblog\/wp-content\/uploads\/2019\/10\/Fresnel_Tome1_P1.jpg\" alt=\"\" class=\"wp-image-352\" width=\"287\" height=\"361\" srcset=\"https:\/\/cap-ailly.com\/capaillyblog\/wp-content\/uploads\/2019\/10\/Fresnel_Tome1_P1.jpg 300w, https:\/\/cap-ailly.com\/capaillyblog\/wp-content\/uploads\/2019\/10\/Fresnel_Tome1_P1-238x300.jpg 238w\" sizes=\"auto, (max-width: 287px) 100vw, 287px\" \/><\/a><figcaption>Tome Premier<\/figcaption><\/figure>\n\n\n\n<figure class=\"wp-block-image is-resized\"><a href=\"https:\/\/gallica.bnf.fr\/ark:\/12148\/bpt6k15122496?rk=85837;2\" target=\"_blank\" rel=\"noreferrer noopener\"><img loading=\"lazy\" decoding=\"async\" src=\"https:\/\/cap-ailly.com\/capaillyblog\/wp-content\/uploads\/2019\/10\/Fresnel_Tome3_P1.jpg\" alt=\"\" class=\"wp-image-364\" width=\"280\" height=\"354\" srcset=\"https:\/\/cap-ailly.com\/capaillyblog\/wp-content\/uploads\/2019\/10\/Fresnel_Tome3_P1.jpg 300w, https:\/\/cap-ailly.com\/capaillyblog\/wp-content\/uploads\/2019\/10\/Fresnel_Tome3_P1-237x300.jpg 237w\" sizes=\"auto, (max-width: 280px) 100vw, 280px\" \/><\/a><figcaption>Tome Troisi\u00e8me<\/figcaption><\/figure>\n<\/div>\n\n\n\n<div class=\"wp-block-column is-layout-flow wp-block-column-is-layout-flow\">\n<figure class=\"wp-block-image is-resized\"><a href=\"https:\/\/gallica.bnf.fr\/ark:\/12148\/bpt6k1512247c?rk=42918;4\" target=\"_blank\" rel=\"noreferrer noopener\"><img loading=\"lazy\" decoding=\"async\" src=\"https:\/\/cap-ailly.com\/capaillyblog\/wp-content\/uploads\/2019\/10\/Fresnel_Tome2_P1.jpg\" alt=\"\" class=\"wp-image-361\" width=\"280\" height=\"351\" srcset=\"https:\/\/cap-ailly.com\/capaillyblog\/wp-content\/uploads\/2019\/10\/Fresnel_Tome2_P1.jpg 300w, https:\/\/cap-ailly.com\/capaillyblog\/wp-content\/uploads\/2019\/10\/Fresnel_Tome2_P1-239x300.jpg 239w\" sizes=\"auto, (max-width: 280px) 100vw, 280px\" \/><\/a><figcaption>Tome Deuxi\u00e8me<\/figcaption><\/figure>\n<\/div>\n<\/div>\n","protected":false},"excerpt":{"rendered":"<p>Augustin Fresnel avait bien compris l&rsquo;int\u00e9r\u00eat de ses lentilles pour am\u00e9liorer consid\u00e9rablement les faisceaux lumineux des phares. Ce m\u00e9moire est le texte int\u00e9gral de ses propositions de mise en application. &hellip; <\/p>\n<p class=\"link-more\"><a href=\"https:\/\/cap-ailly.com\/capaillyblog\/le_phare\/documents-sur-le-phare\/fresnel-et-les-lentilles\/\" class=\"more-link\">Continuer la lecture<span class=\"screen-reader-text\"> de &laquo;&nbsp;Fresnel et les lentilles&nbsp;&raquo;<\/span><\/a><\/p>\n","protected":false},"author":1,"featured_media":0,"parent":337,"menu_order":0,"comment_status":"closed","ping_status":"closed","template":"","meta":{"footnotes":""},"class_list":["post-341","page","type-page","status-publish","hentry"],"_links":{"self":[{"href":"https:\/\/cap-ailly.com\/capaillyblog\/wp-json\/wp\/v2\/pages\/341","targetHints":{"allow":["GET"]}}],"collection":[{"href":"https:\/\/cap-ailly.com\/capaillyblog\/wp-json\/wp\/v2\/pages"}],"about":[{"href":"https:\/\/cap-ailly.com\/capaillyblog\/wp-json\/wp\/v2\/types\/page"}],"author":[{"embeddable":true,"href":"https:\/\/cap-ailly.com\/capaillyblog\/wp-json\/wp\/v2\/users\/1"}],"replies":[{"embeddable":true,"href":"https:\/\/cap-ailly.com\/capaillyblog\/wp-json\/wp\/v2\/comments?post=341"}],"version-history":[{"count":18,"href":"https:\/\/cap-ailly.com\/capaillyblog\/wp-json\/wp\/v2\/pages\/341\/revisions"}],"predecessor-version":[{"id":373,"href":"https:\/\/cap-ailly.com\/capaillyblog\/wp-json\/wp\/v2\/pages\/341\/revisions\/373"}],"up":[{"embeddable":true,"href":"https:\/\/cap-ailly.com\/capaillyblog\/wp-json\/wp\/v2\/pages\/337"}],"wp:attachment":[{"href":"https:\/\/cap-ailly.com\/capaillyblog\/wp-json\/wp\/v2\/media?parent=341"}],"curies":[{"name":"wp","href":"https:\/\/api.w.org\/{rel}","templated":true}]}}

<div class="wp-block-media-text alignwide" style="grid-template-columns:31% auto"><figure class="wp-block-media-text__media"><img loading="lazy" decoding="async" width="300" height="409" src="https://cap-ailly.com/capaillyblog/wp-content/uploads/2019/10/Mémoire_sur_un_nouveau_système_Fresnel_Augustin-Page-1-1-e1571851091189.jpg" alt="" class="wp-image-349"/></figure><div class="wp-block-media-text__content">
<p>Augustin Fresnel avait bien compris l&rsquo;intérêt de ses lentilles pour améliorer considérablement les faisceaux lumineux des phares. Ce mémoire est le texte intégral de ses propositions de mise en application.</p>
</div></div>


<a href="https://cap-ailly.com/capaillyblog/themencode-pdf-viewer-sc/?tnc_pvfw=ZmlsZT1odHRwczovL2NhcC1haWxseS5jb20vY2FwYWlsbHlibG9nL3dwLWNvbnRlbnQvdXBsb2Fkcy8yMDE5LzEwL03DqW1vaXJlX3N1cl91bl9ub3V2ZWF1X3N5c3TDqG1lXy4uLkZyZXNuZWxfQXVndXN0aW5fYnB0Nms5NDkwMDgucGRmJnNldHRpbmdzPTExMTExMTExMTExMTExMTExJmxhbmc9ZnI=#page=&zoom=auto&pagemode=" class="" target="_parent">Cliquez ici pour ouvrir le document</a>



<p>.</p>



<p>Les oeuvres complètes d&rsquo;Augustin Fresnel forment un ensemble de 3 tomes volumineux et la plupart du temps très techniques. <br>Les références à des phares sont limitées (quelques unes dans le Tome 2) et la mise à disposition ici dépasse le rôle de CAP. Nous avons donc préféré vous citer ces documents et vous diriger vers le site de la BNF (Bibliothèque Nationale de France)  où vous pourrez lire ou télécharger les livres dans leur intégralité.</p>



<p class="has-text-color has-vivid-cyan-blue-color"><strong>Vous pourrez accéder à chacun des livres en cliquant sur l&rsquo;image des premières pages reproduites ci-dessous</strong></p>



<div class="wp-block-columns has-2-columns is-layout-flex wp-container-core-columns-is-layout-9d6595d7 wp-block-columns-is-layout-flex">
<div class="wp-block-column is-layout-flow wp-block-column-is-layout-flow">
<figure class="wp-block-image is-resized"><a href="https://gallica.bnf.fr/ark:/12148/bpt6k1512245j?rk=64378;0" target="_blank" rel="noreferrer noopener"><img loading="lazy" decoding="async" src="https://cap-ailly.com/capaillyblog/wp-content/uploads/2019/10/Fresnel_Tome1_P1.jpg" alt="" class="wp-image-352" width="287" height="361" srcset="https://cap-ailly.com/capaillyblog/wp-content/uploads/2019/10/Fresnel_Tome1_P1.jpg 300w, https://cap-ailly.com/capaillyblog/wp-content/uploads/2019/10/Fresnel_Tome1_P1-238x300.jpg 238w" sizes="auto, (max-width: 287px) 100vw, 287px" /></a><figcaption>Tome Premier</figcaption></figure>



<figure class="wp-block-image is-resized"><a href="https://gallica.bnf.fr/ark:/12148/bpt6k15122496?rk=85837;2" target="_blank" rel="noreferrer noopener"><img loading="lazy" decoding="async" src="https://cap-ailly.com/capaillyblog/wp-content/uploads/2019/10/Fresnel_Tome3_P1.jpg" alt="" class="wp-image-364" width="280" height="354" srcset="https://cap-ailly.com/capaillyblog/wp-content/uploads/2019/10/Fresnel_Tome3_P1.jpg 300w, https://cap-ailly.com/capaillyblog/wp-content/uploads/2019/10/Fresnel_Tome3_P1-237x300.jpg 237w" sizes="auto, (max-width: 280px) 100vw, 280px" /></a><figcaption>Tome Troisième</figcaption></figure>
</div>



<div class="wp-block-column is-layout-flow wp-block-column-is-layout-flow">
<figure class="wp-block-image is-resized"><a href="https://gallica.bnf.fr/ark:/12148/bpt6k1512247c?rk=42918;4" target="_blank" rel="noreferrer noopener"><img loading="lazy" decoding="async" src="https://cap-ailly.com/capaillyblog/wp-content/uploads/2019/10/Fresnel_Tome2_P1.jpg" alt="" class="wp-image-361" width="280" height="351" srcset="https://cap-ailly.com/capaillyblog/wp-content/uploads/2019/10/Fresnel_Tome2_P1.jpg 300w, https://cap-ailly.com/capaillyblog/wp-content/uploads/2019/10/Fresnel_Tome2_P1-239x300.jpg 239w" sizes="auto, (max-width: 280px) 100vw, 280px" /></a><figcaption>Tome Deuxième</figcaption></figure>
</div>
</div>

<p>Augustin Fresnel avait bien compris l&rsquo;intérêt de ses lentilles pour améliorer considérablement les faisceaux lumineux des phares. Ce mémoire est le texte intégral de ses propositions de mise en application. &hellip; </p>
<p class="link-more"><a href="https://cap-ailly.com/capaillyblog/le_phare/documents-sur-le-phare/fresnel-et-les-lentilles/" class="more-link">Continuer la lecture<span class="screen-reader-text"> de &laquo;&nbsp;Fresnel et les lentilles&nbsp;&raquo;</span></a></p>
